{"id":6681,"date":"2020-08-21T17:06:28","date_gmt":"2020-08-21T15:06:28","guid":{"rendered":"https:\/\/koldingmotion.robbert.dk\/?page_id=6681"},"modified":"2022-02-25T19:55:29","modified_gmt":"2022-02-25T18:55:29","slug":"loebsudvalg","status":"publish","type":"page","link":"https:\/\/koldingmotion.dk\/index.php\/links\/kontakt-os\/loebsudvalg\/","title":{"rendered":"L\u00f8bsudvalg"},"content":{"rendered":"<p>[vc_row full_width=&#8221;stretch_row_content_no_spaces&#8221;][vc_column width=&#8221;1\/2&#8243;]<div class=\"sc_promo right sc_promo_size_large\"><div class=\"sc_promo_inner\"><div class=\"sc_promo_image\" style=\"background-image:url(https:\/\/koldingmotion.dk\/wp-content\/uploads\/2020\/10\/31957819_1696253030450396_7035298787539025920_n.jpg);width:100%;right: 0;\"><\/div><div class=\"sc_promo_block sc_align_left\" style=\"width: 0%; float: left; margin:30px;\"><div class=\"sc_promo_block_inner \"><\/div><\/div><\/div><\/div>[\/vc_column][vc_column width=&#8221;1\/2&#8243; css=&#8221;.vc_custom_1619794913260{padding-top: 30px !important;padding-right: 30px !important;padding-bottom: 30px !important;padding-left: 30px !important;}&#8221;][vc_column_text]Hvis du har ideer til nye ruter, \u00e6ndringer eller kommentarer til klubbens ruter, s\u00e5 tag fat i en fra l\u00f8bsudvalget.<\/p>\n<p>Har du en god rute i Sporttracks eller andre programmer med GPX format, s\u00e5 send den gerne til os. \u00c5bn ruten i dit program, eksporter den i GPX format og mail denne fil til\u00a0<span id=\"cloakaf893c6e1a6dcffbbc0f0099b798674b\"><a href=\"mailto:ruter@koldingmotion.dk\">ruter@koldingmotion.dk<\/a><\/span>[\/vc_column_text][\/vc_column][\/vc_row][vc_row css=&#8221;.vc_custom_1462455551851{margin-top: 7.6rem !important;}&#8221;][vc_column]<div id=\"sc_team_1686738383_wrap\" class=\"sc_team_wrap\"><div id=\"sc_team_1686738383\" class=\"sc_team sc_team_style_team-3 \" style=\"width:100%;\"><div class=\"sc_columns columns_wrap\"><div class=\"column-1_3 column_padding_bottom\">\t\t\t<div id=\"sc_team_1686738383_1\"\t\t\t\tclass=\"sc_team_item sc_team_item_1 odd first\"\n\t\t\t\t>\n\t\t\t\t<div class=\"sc_team_item_avatar\"><img loading=\"lazy\" decoding=\"async\" class=\"wp-post-image\" width=\"368\" height=\"424\" alt=\"Heine Worm\" src=\"https:\/\/koldingmotion.dk\/wp-content\/uploads\/2019\/10\/Heine-Worm-368x424.jpg\">\t\t\t\t\t<div class=\"sc_team_item_hover\">\n\t\t\t\t\t\t<div class=\"sc_team_item_socials\"><\/div>\n\t\t\t\t\t<\/div>\n\t\t\t\t<\/div>\n\t\t\t\t<div class=\"sc_team_item_info\">\n\t\t\t\t\t<h5 class=\"sc_team_item_title\"><a href=\"https:\/\/koldingmotion.dk\/index.php\/team\/heine_worm\/\">Heine Worm<\/a><\/h5>\n\t\t\t\t\t<div class=\"sc_team_item_position\">N\u00e6stformand<\/div>\n\t\t\t\t<\/div>\n\t\t\t<\/div>\n\t\t<\/div><div class=\"column-1_3 column_padding_bottom\">\t\t\t<div id=\"sc_team_1686738383_2\"\t\t\t\tclass=\"sc_team_item sc_team_item_2 even\"\n\t\t\t\t>\n\t\t\t\t<div class=\"sc_team_item_avatar\"><img loading=\"lazy\" decoding=\"async\" class=\"wp-post-image\" width=\"368\" height=\"424\" alt=\"H C J\u00f8rgensen\" src=\"https:\/\/koldingmotion.dk\/wp-content\/uploads\/2020\/08\/HC_profil-368x424.jpg\">\t\t\t\t\t<div class=\"sc_team_item_hover\">\n\t\t\t\t\t\t<div class=\"sc_team_item_socials\"><\/div>\n\t\t\t\t\t<\/div>\n\t\t\t\t<\/div>\n\t\t\t\t<div class=\"sc_team_item_info\">\n\t\t\t\t\t<h5 class=\"sc_team_item_title\"><a href=\"https:\/\/koldingmotion.dk\/index.php\/team\/h-c-joergensen\/\">H C J\u00f8rgensen<\/a><\/h5>\n\t\t\t\t\t<div class=\"sc_team_item_position\">L\u00f8bsudvalg<\/div>\n\t\t\t\t<\/div>\n\t\t\t<\/div>\n\t\t<\/div><\/div><\/div><!-- \/.sc_team --><\/div><!-- \/.sc_team_wrap -->[\/vc_column][\/vc_row][vc_row full_width=&#8221;stretch_row&#8221; css=&#8221;.vc_custom_1462457438379{margin-top: 7.6rem !important;padding-top: 4.3rem !important;padding-bottom: 4.3rem !important;background-color: #ffffff !important;}&#8221;][vc_column][\/vc_column][\/vc_row]<\/p>\n","protected":false},"excerpt":{"rendered":"<p>[vc_row full_width=&#8221;stretch_row_content_no_spaces&#8221;][vc_column width=&#8221;1\/2&#8243;][\/vc_column][vc_column width=&#8221;1\/2&#8243; css=&#8221;.vc_custom_1619794913260{padding-top: 30px !important;padding-right: 30px !important;padding-bottom: 30px !important;padding-left: 30px !important;}&#8221;][vc_column_text]Hvis du har ideer til nye ruter, \u00e6ndringer eller kommentarer til klubbens ruter, s\u00e5 tag fat i en [&hellip;]<\/p>\n","protected":false},"author":1,"featured_media":0,"parent":6728,"menu_order":1,"comment_status":"closed","ping_status":"closed","template":"","meta":{"footnotes":""},"class_list":["post-6681","page","type-page","status-publish","hentry"],"_links":{"self":[{"href":"https:\/\/koldingmotion.dk\/index.php\/wp-json\/wp\/v2\/pages\/6681"}],"collection":[{"href":"https:\/\/koldingmotion.dk\/index.php\/wp-json\/wp\/v2\/pages"}],"about":[{"href":"https:\/\/koldingmotion.dk\/index.php\/wp-json\/wp\/v2\/types\/page"}],"author":[{"embeddable":true,"href":"https:\/\/koldingmotion.dk\/index.php\/wp-json\/wp\/v2\/users\/1"}],"replies":[{"embeddable":true,"href":"https:\/\/koldingmotion.dk\/index.php\/wp-json\/wp\/v2\/comments?post=6681"}],"version-history":[{"count":6,"href":"https:\/\/koldingmotion.dk\/index.php\/wp-json\/wp\/v2\/pages\/6681\/revisions"}],"predecessor-version":[{"id":9555,"href":"https:\/\/koldingmotion.dk\/index.php\/wp-json\/wp\/v2\/pages\/6681\/revisions\/9555"}],"up":[{"embeddable":true,"href":"https:\/\/koldingmotion.dk\/index.php\/wp-json\/wp\/v2\/pages\/6728"}],"wp:attachment":[{"href":"https:\/\/koldingmotion.dk\/index.php\/wp-json\/wp\/v2\/media?parent=6681"}],"curies":[{"name":"wp","href":"https:\/\/api.w.org\/{rel}","templated":true}]}}